 13477
What are the prime factors of 2957831?
2957831
List the prime factors of 386127.
3, 7, 227
What are the prime factors of 133929?
3, 23, 647
What are the prime factors of 115541?
43, 2687
List the prime factors of 4007.
4007
What are the prime factors of 18206556?
2, 3, 1517213
List the prime factors of 57582.
2, 3, 7, 457
List the prime factors of 7628.
2, 1907
List the prime factors of 8700858.
2, 3, 17903
List the prime factors of 605804.
2, 151451
What are the prime factors of 4165602?
2, 3, 7, 99181
List the prime factors of 20910296.
2, 11, 127, 1871
What are the prime factors of 12488762?
2, 11, 13, 3359
List the prime factors of 7328246.
2, 821, 4463
List the prime factors of 20549486.
2, 10274743
List the prime factors of 12593677.
569, 22133
List the prime factors of 1730.
2, 5, 173
What are the prime factors of 5075862?
2, 3, 11, 76907
List the prime factors of 608842.
2, 13, 23417
List the prime factors of 8985778.
2, 23, 195343
What are the prime factors of 181471?
89, 2039
List the prime factors of 1819254.
2, 3, 23, 13183
What are the prime factors of 2751548?
2, 53, 12979
What are the prime factors of 2657691?
3, 10937
What are the prime factors of 39393855?
3, 5, 875419
What are the prime factors of 1395231?
3, 465077
List the prime factors of 93032.
2, 29, 401
What are the prime factors of 10416943?
37, 281539
List the prime factors of 2025992.
2, 17, 14897
List the prime factors of 8457798.
2, 3, 1409633
List the prime factors of 66200.
2, 5, 331
What are the prime factors of 5300391?
3, 131, 13487
List the prime factors of 6006655.
5, 523, 2297
List the prime factors of 8033419.
8033419
What are the prime factors of 889601?
349, 2549
What are the prime factors of 22089223?
13, 23, 73877
What are the prime factors of 24529574?
2, 1511, 8117
List the prime factors of 369951.
3, 127, 971
What are the prime factors of 4811258?
2, 37, 79, 823
List the prime factors of 9587088.
2, 3, 7, 9511
What are the prime factors of 36694513?
5153, 7121
What are the prime factors of 308916?
2, 3, 8581
List the prime factors of 166662.
2, 3, 47, 197
What are the prime factors of 24333?
3, 8111
What are the prime factors of 846107?
17, 71, 701
List the prime factors of 4229240.
2, 5, 23, 4597
List the prime factors of 16255171.
16255171
What are the prime factors of 907052?
2, 17, 13339
List the prime factors of 440280.
2, 3, 5, 1223
List the prime factors of 8317088.
2, 13, 19993
What are the prime factors of 14448320?
2, 5, 163, 277
What are the prime factors of 3745568?
2, 67, 1747
List the prime factors of 2552038.
2, 37, 34487
What are the prime factors of 759164?
2, 7, 19, 1427
List the prime factors of 5501484.
2, 3, 152819
List the prime factors of 21139029.
3, 373, 2099
What are the prime factors of 10561834?
2, 19, 499, 557
What are the prime factors of 261158?
2, 130579
List the prime factors of 517518.
2, 3, 28751
What are the prime factors of 220978?
2, 313, 353
List the prime factors of 342419.
7, 11, 4447
What are the prime factors of 269360?
2, 5, 7, 13, 37
What are the prime factors of 30529802?
2, 53, 149, 1933
List the prime factors of 4668388.
2, 233, 5009
What are the prime factors of 2620068?
2, 3, 11, 23, 863
List the prime factors of 1342642.
2, 7, 29, 3307
What are the prime factors of 17842657?
7, 47, 193, 281
What are the prime factors of 142342?
2, 71171
What are the prime factors of 4118171?
61, 67511
List the prime factors of 602582.
2, 17, 37, 479
What are the prime factors of 1047642?
2, 3, 17, 10271
List the prime factors of 626896.
2, 39181
What are the prime factors of 2991077?
2991077
What are the prime factors of 14475457?
14475457
What are the prime factors of 283874?
2, 141937
List the prime factors of 8263590.
2, 3, 5, 275453
What are the prime factors of 23656007?
19, 31, 40163
List the prime factors of 8306491.
8306491
List the prime factors of 893907.
3, 7, 2027
What are the prime factors of 2976840?
2, 3, 5, 8269
List the prime factors of 296933.
7, 13, 251
List the prime factors of 2989678.
2, 23, 103, 631
List the prime factors of 735408.
2, 3, 5107
What are the prime factors of 5229617?
19, 37, 43, 173
List the prime factors of 942164.
2, 235541
List the prime factors of 9835498.
2, 593, 8293
What are the prime factors of 238711?
11, 21701
List the prime factors of 2305368.
2, 3, 13, 821
What are the prime factors of 142018?
2, 17, 4177
What are the prime factors of 9592081?
23, 103, 4049
List the prime factors of 55245.
3, 5, 29, 127
List the prime factors of 1796522.
2, 7, 13, 9871
What are the prime factors of 225788?
2, 47, 1201
List the prime factors of 1843480.
2, 5, 17, 2711
What are the prime factors of 101812?
2, 25453
What are the prime factors of 17790?
2, 3, 5, 593
What are the prime factors of 2446960?
2, 5, 73, 419
What are the prime factors of 1267125?
3, 5, 31, 109
List the prime factors of 18352479.
3, 149, 41057
List the prime factors of 17767362.
2, 3, 23, 128749
What are the prime factors of 13991034?
2, 3, 17, 73, 1879
List the prime factors of 52732.
2, 13183
List the prime factors of 2267569.
97, 241
List the prime factors of 2930278.
2, 13, 43, 2621
What are the prime factors of 159501?
3, 79, 673
What are the prime factors of 281508?
2, 3, 23459
What are the prime factors of 538579?
538579
What are the prime factors of 18762096?
2, 3, 390877
What are the prime factors of 54906?
2, 3, 9151
What are the prime factors of 10217887?
563, 18149
List the prime factors of 159955.
5, 31991
What are the prime factors of 589406?
2, 294703
What are the prime factors of 394127?
73, 5399
What are the prime factors of 554874?
2, 3, 92479
What are the prime factors of 415323?
3, 46147
What are the prime factors of 463675?
5, 17, 1091
What are the prime factors of 108605?
5, 7, 29, 107
List the prime factors of 44383.
44383
List the prime factors of 7014270.
2, 3, 5, 229, 1021
List the prime factors of 3976367.
3976367
What are the prime factors of 775844?
2, 73, 2657
What are the prime factors of 7179325?
5, 287173
List the prime factors of 2126897.
2126897
List the prime factors of 14144955.
3, 5, 11, 59, 1453
List the prime factors of 337505.
5, 7, 9643
What are the prime factors of 82366?
2, 41183
What are the prime factors of 21229512?
2, 3, 79, 11197
What are the prime factors of 2426063?
23, 313, 337
List the prime factors of 965266.
2, 482633
List the prime factors of 386974.
2, 7, 131, 211
What are the prime factors of 1900725?
3, 5, 25343
What are the prime factors of 533715?
3, 5, 7, 13, 17, 23
List the prime factors of 1242644.
2, 13, 23, 1039
What are the prime factors of 7400656?
2, 462541
What are the prime factors of 26373543?
3, 7, 607, 2069
What are the prime factors of 14283?
3, 23
What are the prime factors of 11738177?
11, 17, 41, 1531
List the prime factors of 110977.
110977
List the prime factors of 109400.
2, 5, 547
What are the prime factors of 1146403?
19, 60337
List the prime factors of 18309163.
1613, 11351
What are the prime factors of 267857?
267857
What are the prime factors of 3386712?
2, 3, 7, 19, 1061
List the prime factors of 283410.
2, 3, 5, 47, 67
List the prime factors of 6842556.
2, 3, 7, 431
What are the prime factors of 147514?
2, 73757
List the prime factors of 2875416.
2, 3, 119809
What are the prime factors of 11647381?
11647381
What are the prime factors of 9754007?
1847, 5281
What are the prime factors of 3134812?
2, 783703
What are the prime factors of 35266864?
2, 79, 27901
What are the prime factors of 12608071?
7, 23, 78311
What are the prime factors of 13293798?
2, 3, 7, 103, 439
What are the prime factors of 215536?
2, 19, 709
What are the prime factors of 5470701?
3, 1823567
List the prime factors of 316662.
2, 3, 89, 593
List the prime factors of 1480104.
2, 3, 61, 337
List the prime factors of 14459341.
13, 23, 37, 1307
List the prime factors of 4909849.
7, 97, 1033
What are the prime factors of 1019954?
2, 13, 39229
List the prime factors of 65752.
2, 8219
What are the prime factors of 17273575?
5, 11, 23, 2731
List the prime factors of 108687.
3, 36229
List the prime factors of 1998543.
3, 61, 67, 163
List the prime factors of 1564672.
2, 191
What are the prime factors of 162280?
2, 5, 4057
List the prime factors of 131831